{"id":631,"date":"2024-01-03T21:10:12","date_gmt":"2024-01-03T21:10:12","guid":{"rendered":"http:\/\/neurologie-emmendingen.de\/?page_id=631"},"modified":"2025-12-25T15:07:56","modified_gmt":"2025-12-25T15:07:56","slug":"dr-med-vera-hartweg","status":"publish","type":"page","link":"http:\/\/neurologie-emmendingen.de\/?page_id=631","title":{"rendered":"Dr. med. Christine Katic"},"content":{"rendered":"\n<h1 class=\"wp-block-heading\"><strong>Dr. med. Christine Kartic<\/strong><\/h1>\n\n\n\n<div class=\"wp-block-columns is-layout-flex wp-container-3\">\n<div class=\"wp-block-column is-vertically-aligned-center is-layout-flow\" style=\"flex-basis:66.66%\">\n<h4 class=\"wp-block-heading\"><strong>\u00c4rztliche Psychotherapeutin<\/strong><\/h4>\n\n\n\n<h4 class=\"wp-block-heading\"><strong>Fach\u00e4rztin f\u00fcr Psychiatrie und Psychotherapie Kognitive Verhaltenstherapie<\/strong><\/h4>\n\n\n\n<p>Fortbildungen in Schematherapie, IPT, EMDR, Traumatherapie und Tiefenpsychologisch fundierter Psychotherapie<\/p>\n\n\n\n<p><strong>T\u00e4tigkeitsschwerpunkte<\/strong><\/p>\n\n\n\n<p>Depressive St\u00f6rungen, Angstst\u00f6rungen, Anpassungsst\u00f6rungen, Posttraumatische Belastungsst\u00f6rungen, Psychose \/ Schizophrenie, Beziehungskonflikte, Trauer, Stress \/ Burnout \/ Mobbing, Psychosomatische Begleitung chronischer Erkrankungen<\/p>\n<\/div>\n\n\n\n<div class=\"wp-block-column is-layout-flow\" style=\"flex-basis:33.33%\">\n<figure class=\"wp-block-image size-large\"><img decoding=\"async\" loading=\"lazy\" width=\"830\" height=\"1024\" src=\"http:\/\/neurologie-emmendingen.de\/wp-content\/uploads\/2025\/12\/Foto-Christine-Katic-830x1024.jpg\" alt=\"\" class=\"wp-image-727\" srcset=\"http:\/\/neurologie-emmendingen.de\/wp-content\/uploads\/2025\/12\/Foto-Christine-Katic-830x1024.jpg 830w, http:\/\/neurologie-emmendingen.de\/wp-content\/uploads\/2025\/12\/Foto-Christine-Katic-243x300.jpg 243w, http:\/\/neurologie-emmendingen.de\/wp-content\/uploads\/2025\/12\/Foto-Christine-Katic-768x948.jpg 768w, http:\/\/neurologie-emmendingen.de\/wp-content\/uploads\/2025\/12\/Foto-Christine-Katic-1245x1536.jpg 1245w, http:\/\/neurologie-emmendingen.de\/wp-content\/uploads\/2025\/12\/Foto-Christine-Katic-1659x2048.jpg 1659w, http:\/\/neurologie-emmendingen.de\/wp-content\/uploads\/2025\/12\/Foto-Christine-Katic-284x350.jpg 284w, http:\/\/neurologie-emmendingen.de\/wp-content\/uploads\/2025\/12\/Foto-Christine-Katic.jpg 1691w\" sizes=\"(max-width: 830px) 100vw, 830px\" \/><figcaption class=\"wp-element-caption\">Exif_JPEG_PICTURE<\/figcaption><\/figure>\n<\/div>\n<\/div>\n\n\n\n<p><strong><mark style=\"background-color:rgba(0, 0, 0, 0)\" class=\"has-inline-color has-black-color\">Beruflicher Werdegang<\/mark><\/strong><\/p>\n\n\n\n<div class=\"wp-block-group is-layout-constrained\"><div class=\"wp-block-group__inner-container\">\n<div class=\"wp-block-columns is-layout-flex wp-container-8\">\n<div class=\"wp-block-column is-layout-flow\">\n<div class=\"wp-block-columns is-layout-flex wp-container-6\">\n<div class=\"wp-block-column is-layout-flow\" style=\"flex-basis:33.33%\">\n<p>2026<\/p>\n<\/div>\n\n\n\n<div class=\"wp-block-column is-layout-flow\" style=\"flex-basis:66.66%\">\n<p>Anstellung als \u00c4rztliche Psychotherapeutin bei Dr. P. Stich, Emmendingen<\/p>\n<\/div>\n<\/div>\n<\/div>\n<\/div>\n<\/div><\/div>\n\n\n\n<div class=\"wp-block-columns is-layout-flex wp-container-12\">\n<div class=\"wp-block-column is-layout-flow\" style=\"flex-basis:33.33%\">\n<p>2025<\/p>\n<\/div>\n\n\n\n<div class=\"wp-block-column is-layout-flow\" style=\"flex-basis:66.66%\">\n<p>Facharztanerkennung Psychiatrie und Psychotherapie<\/p>\n<\/div>\n<\/div>\n\n\n\n<div class=\"wp-block-columns is-layout-flex wp-container-15\">\n<div class=\"wp-block-column is-layout-flow\" style=\"flex-basis:33.33%\">\n<p>2020 &#8211; 2024<\/p>\n<\/div>\n\n\n\n<div class=\"wp-block-column is-layout-flow\" style=\"flex-basis:66.66%\">\n<p>Psychosomatische Weiterbildung in der Rehaklinik Glotterbad, Glottertal<\/p>\n<\/div>\n<\/div>\n\n\n\n<div class=\"wp-block-columns is-layout-flex wp-container-18\">\n<div class=\"wp-block-column is-layout-flow\" style=\"flex-basis:33.33%\">\n<p>2016 \u2013 2020<\/p>\n<\/div>\n\n\n\n<div class=\"wp-block-column is-layout-flow\" style=\"flex-basis:66.66%\">\n<p>Psychiatrische Weiterbildung in der Friedrich-Husemann-Klinik, Bad Krozingen<\/p>\n<\/div>\n<\/div>\n\n\n\n<div class=\"wp-block-columns is-layout-flex wp-container-21\">\n<div class=\"wp-block-column is-layout-flow\" style=\"flex-basis:33.33%\">\n<p>2015 \u2013 2016<\/p>\n<\/div>\n\n\n\n<div class=\"wp-block-column is-layout-flow\" style=\"flex-basis:66.66%\">\n<p>Neurologische Weiterbildung in der Schwarzwaldklinik, Bad Krozingen<\/p>\n<\/div>\n<\/div>\n\n\n\n<div class=\"wp-block-columns is-layout-flex wp-container-24\">\n<div class=\"wp-block-column is-layout-flow\" style=\"flex-basis:33.33%\">\n<p>2015<\/p>\n<\/div>\n\n\n\n<div class=\"wp-block-column is-layout-flow\" style=\"flex-basis:66.66%\">\n<p>Facharztanerkennung Allgemeinmedizin<\/p>\n<\/div>\n<\/div>\n\n\n\n<div class=\"wp-block-columns is-layout-flex wp-container-27\">\n<div class=\"wp-block-column is-layout-flow\" style=\"flex-basis:33.33%\">\n<p>2013 \u2013 2015<\/p>\n<\/div>\n\n\n\n<div class=\"wp-block-column is-layout-flow\" style=\"flex-basis:66.66%\">\n<p>Anstellung in verschiedenen Hausarztpraxen<\/p>\n<\/div>\n<\/div>\n\n\n\n<div class=\"wp-block-columns is-layout-flex wp-container-30\">\n<div class=\"wp-block-column is-layout-flow\" style=\"flex-basis:33.33%\">\n<p>2007 \u2013 2012<\/p>\n<\/div>\n\n\n\n<div class=\"wp-block-column is-layout-flow\" style=\"flex-basis:66.66%\">\n<p>Internistische Weiterbildung in der Uniklinik Freiburg<\/p>\n<\/div>\n<\/div>\n\n\n\n<div class=\"wp-block-columns is-layout-flex wp-container-33\">\n<div class=\"wp-block-column is-layout-flow\" style=\"flex-basis:33.33%\">\n<p>1999 \u2013 2007<\/p>\n<\/div>\n\n\n\n<div class=\"wp-block-column is-layout-flow\" style=\"flex-basis:66.66%\">\n<p>Studium der Humanmedizin an den Universit\u00e4ten Freiburg und Z\u00fcrich<\/p>\n<\/div>\n<\/div>\n","protected":false},"excerpt":{"rendered":"<p>Dr. med. Christine Kartic \u00c4rztliche Psychotherapeutin Fach\u00e4rztin f\u00fcr Psychiatrie und Psychotherapie Kognitive Verhaltenstherapie Fortbildungen in Schematherapie, IPT, EMDR, Traumatherapie und Tiefenpsychologisch fundierter Psychotherapie T\u00e4tigkeitsschwerpunkte Depressive St\u00f6rungen, Angstst\u00f6rungen, Anpassungsst\u00f6rungen, Posttraumatische Belastungsst\u00f6rungen, Psychose \/ Schizophrenie, Beziehungskonflikte, Trauer, Stress \/ Burnout \/ Mobbing, Psychosomatische Begleitung chronischer Erkrankungen Beruflicher Werdegang 2026 Anstellung als \u00c4rztliche Psychotherapeutin bei Dr. P. Stich, [&hellip;]<\/p>\n","protected":false},"author":1,"featured_media":0,"parent":0,"menu_order":0,"comment_status":"closed","ping_status":"closed","template":"","meta":[],"_links":{"self":[{"href":"http:\/\/neurologie-emmendingen.de\/index.php?rest_route=\/wp\/v2\/pages\/631"}],"collection":[{"href":"http:\/\/neurologie-emmendingen.de\/index.php?rest_route=\/wp\/v2\/pages"}],"about":[{"href":"http:\/\/neurologie-emmendingen.de\/index.php?rest_route=\/wp\/v2\/types\/page"}],"author":[{"embeddable":true,"href":"http:\/\/neurologie-emmendingen.de\/index.php?rest_route=\/wp\/v2\/users\/1"}],"replies":[{"embeddable":true,"href":"http:\/\/neurologie-emmendingen.de\/index.php?rest_route=%2Fwp%2Fv2%2Fcomments&post=631"}],"version-history":[{"count":15,"href":"http:\/\/neurologie-emmendingen.de\/index.php?rest_route=\/wp\/v2\/pages\/631\/revisions"}],"predecessor-version":[{"id":728,"href":"http:\/\/neurologie-emmendingen.de\/index.php?rest_route=\/wp\/v2\/pages\/631\/revisions\/728"}],"wp:attachment":[{"href":"http:\/\/neurologie-emmendingen.de\/index.php?rest_route=%2Fwp%2Fv2%2Fmedia&parent=631"}],"curies":[{"name":"wp","href":"https:\/\/api.w.org\/{rel}","templated":true}]}}

<h1 class="wp-block-heading"><strong>Dr. med. Christine Kartic</strong></h1>



<div class="wp-block-columns is-layout-flex wp-container-3">
<div class="wp-block-column is-vertically-aligned-center is-layout-flow" style="flex-basis:66.66%">
<h4 class="wp-block-heading"><strong>Ärztliche Psychotherapeutin</strong></h4>



<h4 class="wp-block-heading"><strong>Fachärztin für Psychiatrie und Psychotherapie Kognitive Verhaltenstherapie</strong></h4>



<p>Fortbildungen in Schematherapie, IPT, EMDR, Traumatherapie und Tiefenpsychologisch fundierter Psychotherapie</p>



<p><strong>Tätigkeitsschwerpunkte</strong></p>



<p>Depressive Störungen, Angststörungen, Anpassungsstörungen, Posttraumatische Belastungsstörungen, Psychose / Schizophrenie, Beziehungskonflikte, Trauer, Stress / Burnout / Mobbing, Psychosomatische Begleitung chronischer Erkrankungen</p>
</div>



<div class="wp-block-column is-layout-flow" style="flex-basis:33.33%">
<figure class="wp-block-image size-large"><img decoding="async" loading="lazy" width="830" height="1024" src="http://neurologie-emmendingen.de/wp-content/uploads/2025/12/Foto-Christine-Katic-830x1024.jpg" alt="" class="wp-image-727" srcset="http://neurologie-emmendingen.de/wp-content/uploads/2025/12/Foto-Christine-Katic-830x1024.jpg 830w, http://neurologie-emmendingen.de/wp-content/uploads/2025/12/Foto-Christine-Katic-243x300.jpg 243w, http://neurologie-emmendingen.de/wp-content/uploads/2025/12/Foto-Christine-Katic-768x948.jpg 768w, http://neurologie-emmendingen.de/wp-content/uploads/2025/12/Foto-Christine-Katic-1245x1536.jpg 1245w, http://neurologie-emmendingen.de/wp-content/uploads/2025/12/Foto-Christine-Katic-1659x2048.jpg 1659w, http://neurologie-emmendingen.de/wp-content/uploads/2025/12/Foto-Christine-Katic-284x350.jpg 284w, http://neurologie-emmendingen.de/wp-content/uploads/2025/12/Foto-Christine-Katic.jpg 1691w" sizes="(max-width: 830px) 100vw, 830px" /><figcaption class="wp-element-caption">Exif_JPEG_PICTURE</figcaption></figure>
</div>
</div>



<p><strong><mark style="background-color:rgba(0, 0, 0, 0)" class="has-inline-color has-black-color">Beruflicher Werdegang</mark></strong></p>



<div class="wp-block-group is-layout-constrained"><div class="wp-block-group__inner-container">
<div class="wp-block-columns is-layout-flex wp-container-8">
<div class="wp-block-column is-layout-flow">
<div class="wp-block-columns is-layout-flex wp-container-6">
<div class="wp-block-column is-layout-flow" style="flex-basis:33.33%">
<p>2026</p>
</div>



<div class="wp-block-column is-layout-flow" style="flex-basis:66.66%">
<p>Anstellung als Ärztliche Psychotherapeutin bei Dr. P. Stich, Emmendingen</p>
</div>
</div>
</div>
</div>
</div></div>



<div class="wp-block-columns is-layout-flex wp-container-12">
<div class="wp-block-column is-layout-flow" style="flex-basis:33.33%">
<p>2025</p>
</div>



<div class="wp-block-column is-layout-flow" style="flex-basis:66.66%">
<p>Facharztanerkennung Psychiatrie und Psychotherapie</p>
</div>
</div>



<div class="wp-block-columns is-layout-flex wp-container-15">
<div class="wp-block-column is-layout-flow" style="flex-basis:33.33%">
<p>2020 &#8211; 2024</p>
</div>



<div class="wp-block-column is-layout-flow" style="flex-basis:66.66%">
<p>Psychosomatische Weiterbildung in der Rehaklinik Glotterbad, Glottertal</p>
</div>
</div>



<div class="wp-block-columns is-layout-flex wp-container-18">
<div class="wp-block-column is-layout-flow" style="flex-basis:33.33%">
<p>2016 – 2020</p>
</div>



<div class="wp-block-column is-layout-flow" style="flex-basis:66.66%">
<p>Psychiatrische Weiterbildung in der Friedrich-Husemann-Klinik, Bad Krozingen</p>
</div>
</div>



<div class="wp-block-columns is-layout-flex wp-container-21">
<div class="wp-block-column is-layout-flow" style="flex-basis:33.33%">
<p>2015 – 2016</p>
</div>



<div class="wp-block-column is-layout-flow" style="flex-basis:66.66%">
<p>Neurologische Weiterbildung in der Schwarzwaldklinik, Bad Krozingen</p>
</div>
</div>



<div class="wp-block-columns is-layout-flex wp-container-24">
<div class="wp-block-column is-layout-flow" style="flex-basis:33.33%">
<p>2015</p>
</div>



<div class="wp-block-column is-layout-flow" style="flex-basis:66.66%">
<p>Facharztanerkennung Allgemeinmedizin</p>
</div>
</div>



<div class="wp-block-columns is-layout-flex wp-container-27">
<div class="wp-block-column is-layout-flow" style="flex-basis:33.33%">
<p>2013 – 2015</p>
</div>



<div class="wp-block-column is-layout-flow" style="flex-basis:66.66%">
<p>Anstellung in verschiedenen Hausarztpraxen</p>
</div>
</div>



<div class="wp-block-columns is-layout-flex wp-container-30">
<div class="wp-block-column is-layout-flow" style="flex-basis:33.33%">
<p>2007 – 2012</p>
</div>



<div class="wp-block-column is-layout-flow" style="flex-basis:66.66%">
<p>Internistische Weiterbildung in der Uniklinik Freiburg</p>
</div>
</div>



<div class="wp-block-columns is-layout-flex wp-container-33">
<div class="wp-block-column is-layout-flow" style="flex-basis:33.33%">
<p>1999 – 2007</p>
</div>



<div class="wp-block-column is-layout-flow" style="flex-basis:66.66%">
<p>Studium der Humanmedizin an den Universitäten Freiburg und Zürich</p>
</div>
</div>

<p>Dr. med. Christine Kartic Ärztliche Psychotherapeutin Fachärztin für Psychiatrie und Psychotherapie Kognitive Verhaltenstherapie Fortbildungen in Schematherapie, IPT, EMDR, Traumatherapie und Tiefenpsychologisch fundierter Psychotherapie Tätigkeitsschwerpunkte Depressive Störungen, Angststörungen, Anpassungsstörungen, Posttraumatische Belastungsstörungen, Psychose / Schizophrenie, Beziehungskonflikte, Trauer, Stress / Burnout / Mobbing, Psychosomatische Begleitung chronischer Erkrankungen Beruflicher Werdegang 2026 Anstellung als Ärztliche Psychotherapeutin bei Dr. P. Stich, [&hellip;]</p>
