{"id":528,"date":"2022-04-21T14:49:23","date_gmt":"2022-04-21T14:49:23","guid":{"rendered":"http:\/\/neurologie-emmendingen.de\/?page_id=528"},"modified":"2022-05-28T20:12:58","modified_gmt":"2022-05-28T20:12:58","slug":"dr-med-annette-baumgartner","status":"publish","type":"page","link":"http:\/\/neurologie-emmendingen.de\/?page_id=528","title":{"rendered":"Dr. med. Annette Baumgartner"},"content":{"rendered":"\n<div class=\"wp-block-columns is-layout-flex wp-container-3\">\n<div class=\"wp-block-column is-layout-flow\" style=\"flex-basis:66.66%\">\n<p><\/p>\n\n\n\n<p><\/p>\n\n\n\n<p><\/p>\n\n\n\n<h4 class=\"wp-block-heading\"><strong>Fach\u00e4rztin f\u00fcr Neurologie, Psychiatrie und Psychotherapie<\/strong><\/h4>\n\n\n\n<p><\/p>\n\n\n\n<h5 class=\"wp-block-heading\"><strong>T\u00e4tigkeits- und wissenschaftliche Schwerpunkte<\/strong><\/h5>\n\n\n\n<p><\/p>\n\n\n\n<p>Neuroimmunologie (Multiple Sklerose, Autoimmunenzephalitis, paraneoplastische Erkrankungen), Schlafmedizin, Gerontopsychiatrie, Liquordiagnostik, nuklearmedizinische Diagnostik<\/p>\n<\/div>\n\n\n\n<div class=\"wp-block-column is-layout-flow\" style=\"flex-basis:33.33%\">\n<div class=\"wp-block-image\"><figure class=\"alignright size-large is-resized\"><img decoding=\"async\" loading=\"lazy\" src=\"http:\/\/neurologie-emmendingen.de\/wp-content\/uploads\/2022\/04\/Foto-Homepage-1-768x1024.jpg\" alt=\"\" class=\"wp-image-531\" width=\"211\" height=\"280\" srcset=\"http:\/\/neurologie-emmendingen.de\/wp-content\/uploads\/2022\/04\/Foto-Homepage-1-768x1024.jpg 768w, http:\/\/neurologie-emmendingen.de\/wp-content\/uploads\/2022\/04\/Foto-Homepage-1-225x300.jpg 225w, http:\/\/neurologie-emmendingen.de\/wp-content\/uploads\/2022\/04\/Foto-Homepage-1-1152x1536.jpg 1152w, http:\/\/neurologie-emmendingen.de\/wp-content\/uploads\/2022\/04\/Foto-Homepage-1-1536x2048.jpg 1536w, http:\/\/neurologie-emmendingen.de\/wp-content\/uploads\/2022\/04\/Foto-Homepage-1-scaled.jpg 1920w\" sizes=\"(max-width: 211px) 100vw, 211px\" \/><\/figure><\/div>\n<\/div>\n<\/div>\n\n\n\n<h5 class=\"wp-block-heading\"><strong>Akademischer und beruflicher Werdegang<\/strong><\/h5>\n\n\n\n<div class=\"wp-block-columns is-layout-flex wp-container-4\"><\/div>\n\n\n\n<div class=\"wp-block-columns is-layout-flex wp-container-7\">\n<div class=\"wp-block-column is-layout-flow\" style=\"flex-basis:33.33%\">\n<p>04\/2022<\/p>\n<\/div>\n\n\n\n<div class=\"wp-block-column is-layout-flow\" style=\"flex-basis:66.66%\">\n<p>Niederlassung in eigener Praxis in Emmendingen<\/p>\n<\/div>\n<\/div>\n\n\n\n<div class=\"wp-block-columns is-layout-flex wp-container-10\">\n<div class=\"wp-block-column is-layout-flow\" style=\"flex-basis:33.33%\">\n<p>Februar 2022<\/p>\n<\/div>\n\n\n\n<div class=\"wp-block-column is-layout-flow\" style=\"flex-basis:66.66%\">\n<p>Facharzt-Anerkennung Psychiatrie und Psychotherapie<\/p>\n<\/div>\n<\/div>\n\n\n\n<div class=\"wp-block-columns is-layout-flex wp-container-13\">\n<div class=\"wp-block-column is-layout-flow\" style=\"flex-basis:33.33%\">\n<p>seit 09\/2021<\/p>\n<\/div>\n\n\n\n<div class=\"wp-block-column is-layout-flow\" style=\"flex-basis:66.66%\">\n<p>Praxis f\u00fcr Neurologie und Psychiatrie Emmendingen<\/p>\n<\/div>\n<\/div>\n\n\n\n<div class=\"wp-block-columns is-layout-flex wp-container-16\">\n<div class=\"wp-block-column is-layout-flow\" style=\"flex-basis:33.33%\">\n<p>2020 \u2013 2021<\/p>\n<\/div>\n\n\n\n<div class=\"wp-block-column is-layout-flow\" style=\"flex-basis:66.66%\">\n<p>Neurologische Poliklinik und Ambulanz des Multiple Sklerose Zentrums Basel<\/p>\n<\/div>\n<\/div>\n\n\n\n<div class=\"wp-block-columns is-layout-flex wp-container-19\">\n<div class=\"wp-block-column is-layout-flow\" style=\"flex-basis:33.33%\">\n<p>2017 \u2013 2020<\/p>\n<\/div>\n\n\n\n<div class=\"wp-block-column is-layout-flow\" style=\"flex-basis:66.66%\">\n<p>Psychiatrische Universit\u00e4tsklinik Freiburg, Schwerpunkt Gerontopsychiatrie<\/p>\n<\/div>\n<\/div>\n\n\n\n<div class=\"wp-block-columns is-layout-flex wp-container-22\">\n<div class=\"wp-block-column is-layout-flow\" style=\"flex-basis:33.33%\">\n<p>2016 \u2013 2017<\/p>\n<\/div>\n\n\n\n<div class=\"wp-block-column is-layout-flow\" style=\"flex-basis:66.66%\">\n<p>Schlafmedizinische Station der Psychiatrischen Universit\u00e4tsklinik Freiburg<\/p>\n<\/div>\n<\/div>\n\n\n\n<div class=\"wp-block-columns is-layout-flex wp-container-25\">\n<div class=\"wp-block-column is-layout-flow\" style=\"flex-basis:33.33%\">\n<p>Juni 2017<\/p>\n<\/div>\n\n\n\n<div class=\"wp-block-column is-layout-flow\" style=\"flex-basis:66.66%\">\n<p>Facharzt-Anerkennung Neurologie<\/p>\n<\/div>\n<\/div>\n\n\n\n<div class=\"wp-block-columns is-layout-flex wp-container-28\">\n<div class=\"wp-block-column is-layout-flow\" style=\"flex-basis:33.33%\">\n<p>2015 \u2013 2016<\/p>\n<\/div>\n\n\n\n<div class=\"wp-block-column is-layout-flow\" style=\"flex-basis:66.66%\">\n<p>Neurologische Tagesklinik und Ambulanz der Universit\u00e4tsklinik Freiburg<br><\/p>\n<\/div>\n<\/div>\n\n\n\n<div class=\"wp-block-columns is-layout-flex wp-container-31\">\n<div class=\"wp-block-column is-layout-flow\" style=\"flex-basis:33.33%\">\n<p>2014 \u2013 2015<\/p>\n<\/div>\n\n\n\n<div class=\"wp-block-column is-layout-flow\" style=\"flex-basis:66.66%\">\n<p>Psychiatrische Universit\u00e4tsklinik Freiburg, Schwerpunkt Suchtmedizin<\/p>\n<\/div>\n<\/div>\n\n\n\n<div class=\"wp-block-columns is-layout-flex wp-container-34\">\n<div class=\"wp-block-column is-layout-flow\" style=\"flex-basis:33.33%\">\n<p>2007 \u2013 2014<\/p>\n<\/div>\n\n\n\n<div class=\"wp-block-column is-layout-flow\" style=\"flex-basis:66.66%\">\n<p>Neurologische Universit\u00e4tsklinik Freiburg<\/p>\n<\/div>\n<\/div>\n\n\n\n<div class=\"wp-block-columns is-layout-flex wp-container-37\">\n<div class=\"wp-block-column is-layout-flow\" style=\"flex-basis:33.33%\">\n<p>2008<\/p>\n<\/div>\n\n\n\n<div class=\"wp-block-column is-layout-flow\" style=\"flex-basis:66.66%\">\n<p>Promotion zum Thema \u201e<em>Klinische, elektrophysiologische, neuropsychologische und magnetresonanztomographische Ph\u00e4notypisierung der Heredit\u00e4ren Spastischen Paraparesen\u201c<\/em><\/p>\n<\/div>\n<\/div>\n\n\n\n<div class=\"wp-block-columns is-layout-flex wp-container-40\">\n<div class=\"wp-block-column is-layout-flow\" style=\"flex-basis:33.33%\">\n<p>2000 \u2013 2007<\/p>\n<\/div>\n\n\n\n<div class=\"wp-block-column is-layout-flow\" style=\"flex-basis:66.66%\">\n<p>Studium der Humanmedizin an der Universit\u00e4t Ulm<\/p>\n<\/div>\n<\/div>\n\n\n\n<div class=\"wp-block-columns is-layout-flex wp-container-43\">\n<div class=\"wp-block-column is-layout-flow\" style=\"flex-basis:33.33%\">\n<p><strong>Mitgliedschaften<\/strong><\/p>\n<\/div>\n\n\n\n<div class=\"wp-block-column is-layout-flow\" style=\"flex-basis:66.66%\">\n<p>&#8211; Deutsche Gesellschaft f\u00fcr Psychiatrie und Psychotherapie, Psychosomatik und Nervenheilkunde (DGPPN)<br>&#8211; Deutsche Gesellschaft f\u00fcr Neurologie (DGN)<\/p>\n\n\n\n<p>&#8211; Schweizerische Gesellschaft f\u00fcr Schlafforschung, Schlafmedizin und Chronobiologie (SGSSC)<\/p>\n<\/div>\n<\/div>\n\n\n\n<div class=\"wp-block-columns is-layout-flex wp-container-46\">\n<div class=\"wp-block-column is-layout-flow\" style=\"flex-basis:33.33%\">\n<p><strong>Klinische Studien<\/strong><\/p>\n<\/div>\n\n\n\n<div class=\"wp-block-column is-layout-flow\" style=\"flex-basis:66.66%\">\n<p>Co-Investigator zahlreicher klinischer internationaler Phase II- und III- Multicenter-Studien zur Multiplen Sklerose<\/p>\n<\/div>\n<\/div>\n\n\n\n<div class=\"wp-block-columns is-layout-flex wp-container-49\">\n<div class=\"wp-block-column is-layout-flow\" style=\"flex-basis:33.33%\">\n<p><strong>Publikationen<\/strong><\/p>\n<\/div>\n\n\n\n<div class=\"wp-block-column is-layout-flow\" style=\"flex-basis:66.66%\">\n<p>Erst-, Letzt- oder Co-Autorin von zahlreichen wissenschaftlichen Publikationen zu&nbsp;Multiple Sklerose, Autoimmunenzephalitis und nuklearmedizinischer Diagnostik<\/p>\n<\/div>\n<\/div>\n\n\n\n<p><\/p>\n\n\n\n<p><strong>&nbsp;&nbsp;&nbsp;&nbsp;&nbsp;&nbsp;&nbsp;&nbsp;&nbsp;&nbsp;&nbsp;&nbsp;&nbsp;&nbsp;&nbsp;&nbsp;&nbsp;&nbsp;&nbsp;&nbsp;&nbsp;&nbsp;&nbsp;&nbsp;&nbsp;&nbsp;&nbsp;&nbsp;&nbsp;&nbsp;&nbsp;&nbsp;&nbsp;&nbsp; <\/strong><\/p>\n","protected":false},"excerpt":{"rendered":"<p>Fach\u00e4rztin f\u00fcr Neurologie, Psychiatrie und Psychotherapie T\u00e4tigkeits- und wissenschaftliche Schwerpunkte Neuroimmunologie (Multiple Sklerose, Autoimmunenzephalitis, paraneoplastische Erkrankungen), Schlafmedizin, Gerontopsychiatrie, Liquordiagnostik, nuklearmedizinische Diagnostik Akademischer und beruflicher Werdegang 04\/2022 Niederlassung in eigener Praxis in Emmendingen Februar 2022 Facharzt-Anerkennung Psychiatrie und Psychotherapie seit 09\/2021 Praxis f\u00fcr Neurologie und Psychiatrie Emmendingen 2020 \u2013 2021 Neurologische Poliklinik und Ambulanz des Multiple [&hellip;]<\/p>\n","protected":false},"author":1,"featured_media":0,"parent":0,"menu_order":0,"comment_status":"closed","ping_status":"closed","template":"","meta":[],"_links":{"self":[{"href":"http:\/\/neurologie-emmendingen.de\/index.php?rest_route=\/wp\/v2\/pages\/528"}],"collection":[{"href":"http:\/\/neurologie-emmendingen.de\/index.php?rest_route=\/wp\/v2\/pages"}],"about":[{"href":"http:\/\/neurologie-emmendingen.de\/index.php?rest_route=\/wp\/v2\/types\/page"}],"author":[{"embeddable":true,"href":"http:\/\/neurologie-emmendingen.de\/index.php?rest_route=\/wp\/v2\/users\/1"}],"replies":[{"embeddable":true,"href":"http:\/\/neurologie-emmendingen.de\/index.php?rest_route=%2Fwp%2Fv2%2Fcomments&post=528"}],"version-history":[{"count":10,"href":"http:\/\/neurologie-emmendingen.de\/index.php?rest_route=\/wp\/v2\/pages\/528\/revisions"}],"predecessor-version":[{"id":558,"href":"http:\/\/neurologie-emmendingen.de\/index.php?rest_route=\/wp\/v2\/pages\/528\/revisions\/558"}],"wp:attachment":[{"href":"http:\/\/neurologie-emmendingen.de\/index.php?rest_route=%2Fwp%2Fv2%2Fmedia&parent=528"}],"curies":[{"name":"wp","href":"https:\/\/api.w.org\/{rel}","templated":true}]}}