{"id":43,"date":"2017-03-23T14:29:28","date_gmt":"2017-03-23T14:29:28","guid":{"rendered":"http:\/\/neurologie-emmendingen.de\/?page_id=43"},"modified":"2025-12-22T14:36:55","modified_gmt":"2025-12-22T14:36:55","slug":"__trashed-5","status":"publish","type":"page","link":"http:\/\/neurologie-emmendingen.de\/?page_id=43","title":{"rendered":"Assistenz"},"content":{"rendered":"<p><img decoding=\"async\" loading=\"lazy\" class=\"alignnone wp-image-40\" src=\"http:\/\/neurologie-emmendingen.de\/wp-content\/uploads\/2017\/03\/cropped-5.07-158-220x300.jpg\" alt=\"\" width=\"100\" height=\"136\" srcset=\"http:\/\/neurologie-emmendingen.de\/wp-content\/uploads\/2017\/03\/cropped-5.07-158-220x300.jpg 220w, http:\/\/neurologie-emmendingen.de\/wp-content\/uploads\/2017\/03\/cropped-5.07-158-768x1047.jpg 768w, http:\/\/neurologie-emmendingen.de\/wp-content\/uploads\/2017\/03\/cropped-5.07-158-751x1024.jpg 751w, http:\/\/neurologie-emmendingen.de\/wp-content\/uploads\/2017\/03\/cropped-5.07-158.jpg 954w\" sizes=\"(max-width: 100px) 100vw, 100px\" \/> Tanja Reichenbach, MFA (Rezeption, Sekretariat)<\/p>\n<p><img decoding=\"async\" loading=\"lazy\" class=\"alignnone wp-image-40\" src=\"http:\/\/neurologie-emmendingen.de\/wp-content\/uploads\/2017\/03\/cropped-5.07-158-220x300.jpg\" alt=\"\" width=\"100\" height=\"136\" srcset=\"http:\/\/neurologie-emmendingen.de\/wp-content\/uploads\/2017\/03\/cropped-5.07-158-220x300.jpg 220w, http:\/\/neurologie-emmendingen.de\/wp-content\/uploads\/2017\/03\/cropped-5.07-158-768x1047.jpg 768w, http:\/\/neurologie-emmendingen.de\/wp-content\/uploads\/2017\/03\/cropped-5.07-158-751x1024.jpg 751w, http:\/\/neurologie-emmendingen.de\/wp-content\/uploads\/2017\/03\/cropped-5.07-158.jpg 954w\" sizes=\"(max-width: 100px) 100vw, 100px\" \/>\u00a0 Simone Mindorf, MFA (Rezeption)<\/p>\n<p><img decoding=\"async\" loading=\"lazy\" class=\"alignnone wp-image-40\" src=\"http:\/\/neurologie-emmendingen.de\/wp-content\/uploads\/2017\/03\/cropped-5.07-158-220x300.jpg\" alt=\"\" width=\"100\" height=\"136\" srcset=\"http:\/\/neurologie-emmendingen.de\/wp-content\/uploads\/2017\/03\/cropped-5.07-158-220x300.jpg 220w, http:\/\/neurologie-emmendingen.de\/wp-content\/uploads\/2017\/03\/cropped-5.07-158-768x1047.jpg 768w, http:\/\/neurologie-emmendingen.de\/wp-content\/uploads\/2017\/03\/cropped-5.07-158-751x1024.jpg 751w, http:\/\/neurologie-emmendingen.de\/wp-content\/uploads\/2017\/03\/cropped-5.07-158.jpg 954w\" sizes=\"(max-width: 100px) 100vw, 100px\" \/>\u00a0 Ilse Stein, Sekret\u00e4rin (Vertretung: Rezeption und Sekretariat)<\/p>\n<p><img decoding=\"async\" loading=\"lazy\" class=\"alignnone wp-image-40\" src=\"http:\/\/neurologie-emmendingen.de\/wp-content\/uploads\/2017\/03\/cropped-5.07-158-220x300.jpg\" alt=\"\" width=\"100\" height=\"136\" srcset=\"http:\/\/neurologie-emmendingen.de\/wp-content\/uploads\/2017\/03\/cropped-5.07-158-220x300.jpg 220w, http:\/\/neurologie-emmendingen.de\/wp-content\/uploads\/2017\/03\/cropped-5.07-158-768x1047.jpg 768w, http:\/\/neurologie-emmendingen.de\/wp-content\/uploads\/2017\/03\/cropped-5.07-158-751x1024.jpg 751w, http:\/\/neurologie-emmendingen.de\/wp-content\/uploads\/2017\/03\/cropped-5.07-158.jpg 954w\" sizes=\"(max-width: 100px) 100vw, 100px\" \/> Larissa Diegel, erg\u00e4nzende Diagnostik<\/p>\n<p><img decoding=\"async\" loading=\"lazy\" class=\"alignnone wp-image-40\" src=\"http:\/\/neurologie-emmendingen.de\/wp-content\/uploads\/2017\/03\/cropped-5.07-158-220x300.jpg\" alt=\"\" width=\"100\" height=\"136\" srcset=\"http:\/\/neurologie-emmendingen.de\/wp-content\/uploads\/2017\/03\/cropped-5.07-158-220x300.jpg 220w, http:\/\/neurologie-emmendingen.de\/wp-content\/uploads\/2017\/03\/cropped-5.07-158-768x1047.jpg 768w, http:\/\/neurologie-emmendingen.de\/wp-content\/uploads\/2017\/03\/cropped-5.07-158-751x1024.jpg 751w, http:\/\/neurologie-emmendingen.de\/wp-content\/uploads\/2017\/03\/cropped-5.07-158.jpg 954w\" sizes=\"(max-width: 100px) 100vw, 100px\" \/> Shirley K\u00f6rner, Assistenz<\/p>\n<p><img decoding=\"async\" loading=\"lazy\" class=\"alignnone wp-image-40\" src=\"http:\/\/neurologie-emmendingen.de\/wp-content\/uploads\/2017\/03\/cropped-5.07-158-220x300.jpg\" alt=\"\" width=\"99\" height=\"135\" srcset=\"http:\/\/neurologie-emmendingen.de\/wp-content\/uploads\/2017\/03\/cropped-5.07-158-220x300.jpg 220w, http:\/\/neurologie-emmendingen.de\/wp-content\/uploads\/2017\/03\/cropped-5.07-158-768x1047.jpg 768w, http:\/\/neurologie-emmendingen.de\/wp-content\/uploads\/2017\/03\/cropped-5.07-158-751x1024.jpg 751w, http:\/\/neurologie-emmendingen.de\/wp-content\/uploads\/2017\/03\/cropped-5.07-158.jpg 954w\" sizes=\"(max-width: 99px) 100vw, 99px\" \/>\u00a0 Marie-Lena He\u00df, Auszubildende<\/p>\n<p><img decoding=\"async\" loading=\"lazy\" class=\"alignnone wp-image-40\" src=\"http:\/\/neurologie-emmendingen.de\/wp-content\/uploads\/2017\/03\/cropped-5.07-158-220x300.jpg\" alt=\"\" width=\"100\" height=\"136\" srcset=\"http:\/\/neurologie-emmendingen.de\/wp-content\/uploads\/2017\/03\/cropped-5.07-158-220x300.jpg 220w, http:\/\/neurologie-emmendingen.de\/wp-content\/uploads\/2017\/03\/cropped-5.07-158-768x1047.jpg 768w, http:\/\/neurologie-emmendingen.de\/wp-content\/uploads\/2017\/03\/cropped-5.07-158-751x1024.jpg 751w, http:\/\/neurologie-emmendingen.de\/wp-content\/uploads\/2017\/03\/cropped-5.07-158.jpg 954w\" sizes=\"(max-width: 100px) 100vw, 100px\" \/>\u00a0 Julienne Blass, Auszubildende<\/p>\n","protected":false},"excerpt":{"rendered":"<p>Tanja Reichenbach, MFA (Rezeption, Sekretariat) \u00a0 Simone Mindorf, MFA (Rezeption) \u00a0 Ilse Stein, Sekret\u00e4rin (Vertretung: Rezeption und Sekretariat) Larissa Diegel, erg\u00e4nzende Diagnostik Shirley K\u00f6rner, Assistenz \u00a0 Marie-Lena He\u00df, Auszubildende \u00a0 Julienne Blass, Auszubildende<\/p>\n","protected":false},"author":1,"featured_media":0,"parent":0,"menu_order":2,"comment_status":"closed","ping_status":"closed","template":"","meta":[],"_links":{"self":[{"href":"http:\/\/neurologie-emmendingen.de\/index.php?rest_route=\/wp\/v2\/pages\/43"}],"collection":[{"href":"http:\/\/neurologie-emmendingen.de\/index.php?rest_route=\/wp\/v2\/pages"}],"about":[{"href":"http:\/\/neurologie-emmendingen.de\/index.php?rest_route=\/wp\/v2\/types\/page"}],"author":[{"embeddable":true,"href":"http:\/\/neurologie-emmendingen.de\/index.php?rest_route=\/wp\/v2\/users\/1"}],"replies":[{"embeddable":true,"href":"http:\/\/neurologie-emmendingen.de\/index.php?rest_route=%2Fwp%2Fv2%2Fcomments&post=43"}],"version-history":[{"count":30,"href":"http:\/\/neurologie-emmendingen.de\/index.php?rest_route=\/wp\/v2\/pages\/43\/revisions"}],"predecessor-version":[{"id":717,"href":"http:\/\/neurologie-emmendingen.de\/index.php?rest_route=\/wp\/v2\/pages\/43\/revisions\/717"}],"wp:attachment":[{"href":"http:\/\/neurologie-emmendingen.de\/index.php?rest_route=%2Fwp%2Fv2%2Fmedia&parent=43"}],"curies":[{"name":"wp","href":"https:\/\/api.w.org\/{rel}","templated":true}]}}

<p><img decoding="async" loading="lazy" class="alignnone wp-image-40" src="http://neurologie-emmendingen.de/wp-content/uploads/2017/03/cropped-5.07-158-220x300.jpg" alt="" width="100" height="136" srcset="http://neurologie-emmendingen.de/wp-content/uploads/2017/03/cropped-5.07-158-220x300.jpg 220w, http://neurologie-emmendingen.de/wp-content/uploads/2017/03/cropped-5.07-158-768x1047.jpg 768w, http://neurologie-emmendingen.de/wp-content/uploads/2017/03/cropped-5.07-158-751x1024.jpg 751w, http://neurologie-emmendingen.de/wp-content/uploads/2017/03/cropped-5.07-158.jpg 954w" sizes="(max-width: 100px) 100vw, 100px" /> Tanja Reichenbach, MFA (Rezeption, Sekretariat)</p>
<p><img decoding="async" loading="lazy" class="alignnone wp-image-40" src="http://neurologie-emmendingen.de/wp-content/uploads/2017/03/cropped-5.07-158-220x300.jpg" alt="" width="100" height="136" srcset="http://neurologie-emmendingen.de/wp-content/uploads/2017/03/cropped-5.07-158-220x300.jpg 220w, http://neurologie-emmendingen.de/wp-content/uploads/2017/03/cropped-5.07-158-768x1047.jpg 768w, http://neurologie-emmendingen.de/wp-content/uploads/2017/03/cropped-5.07-158-751x1024.jpg 751w, http://neurologie-emmendingen.de/wp-content/uploads/2017/03/cropped-5.07-158.jpg 954w" sizes="(max-width: 100px) 100vw, 100px" />  Simone Mindorf, MFA (Rezeption)</p>
<p><img decoding="async" loading="lazy" class="alignnone wp-image-40" src="http://neurologie-emmendingen.de/wp-content/uploads/2017/03/cropped-5.07-158-220x300.jpg" alt="" width="100" height="136" srcset="http://neurologie-emmendingen.de/wp-content/uploads/2017/03/cropped-5.07-158-220x300.jpg 220w, http://neurologie-emmendingen.de/wp-content/uploads/2017/03/cropped-5.07-158-768x1047.jpg 768w, http://neurologie-emmendingen.de/wp-content/uploads/2017/03/cropped-5.07-158-751x1024.jpg 751w, http://neurologie-emmendingen.de/wp-content/uploads/2017/03/cropped-5.07-158.jpg 954w" sizes="(max-width: 100px) 100vw, 100px" />  Ilse Stein, Sekretärin (Vertretung: Rezeption und Sekretariat)</p>
<p><img decoding="async" loading="lazy" class="alignnone wp-image-40" src="http://neurologie-emmendingen.de/wp-content/uploads/2017/03/cropped-5.07-158-220x300.jpg" alt="" width="100" height="136" srcset="http://neurologie-emmendingen.de/wp-content/uploads/2017/03/cropped-5.07-158-220x300.jpg 220w, http://neurologie-emmendingen.de/wp-content/uploads/2017/03/cropped-5.07-158-768x1047.jpg 768w, http://neurologie-emmendingen.de/wp-content/uploads/2017/03/cropped-5.07-158-751x1024.jpg 751w, http://neurologie-emmendingen.de/wp-content/uploads/2017/03/cropped-5.07-158.jpg 954w" sizes="(max-width: 100px) 100vw, 100px" /> Larissa Diegel, ergänzende Diagnostik</p>
<p><img decoding="async" loading="lazy" class="alignnone wp-image-40" src="http://neurologie-emmendingen.de/wp-content/uploads/2017/03/cropped-5.07-158-220x300.jpg" alt="" width="100" height="136" srcset="http://neurologie-emmendingen.de/wp-content/uploads/2017/03/cropped-5.07-158-220x300.jpg 220w, http://neurologie-emmendingen.de/wp-content/uploads/2017/03/cropped-5.07-158-768x1047.jpg 768w, http://neurologie-emmendingen.de/wp-content/uploads/2017/03/cropped-5.07-158-751x1024.jpg 751w, http://neurologie-emmendingen.de/wp-content/uploads/2017/03/cropped-5.07-158.jpg 954w" sizes="(max-width: 100px) 100vw, 100px" /> Shirley Körner, Assistenz</p>
<p><img decoding="async" loading="lazy" class="alignnone wp-image-40" src="http://neurologie-emmendingen.de/wp-content/uploads/2017/03/cropped-5.07-158-220x300.jpg" alt="" width="99" height="135" srcset="http://neurologie-emmendingen.de/wp-content/uploads/2017/03/cropped-5.07-158-220x300.jpg 220w, http://neurologie-emmendingen.de/wp-content/uploads/2017/03/cropped-5.07-158-768x1047.jpg 768w, http://neurologie-emmendingen.de/wp-content/uploads/2017/03/cropped-5.07-158-751x1024.jpg 751w, http://neurologie-emmendingen.de/wp-content/uploads/2017/03/cropped-5.07-158.jpg 954w" sizes="(max-width: 99px) 100vw, 99px" />  Marie-Lena Heß, Auszubildende</p>
<p><img decoding="async" loading="lazy" class="alignnone wp-image-40" src="http://neurologie-emmendingen.de/wp-content/uploads/2017/03/cropped-5.07-158-220x300.jpg" alt="" width="100" height="136" srcset="http://neurologie-emmendingen.de/wp-content/uploads/2017/03/cropped-5.07-158-220x300.jpg 220w, http://neurologie-emmendingen.de/wp-content/uploads/2017/03/cropped-5.07-158-768x1047.jpg 768w, http://neurologie-emmendingen.de/wp-content/uploads/2017/03/cropped-5.07-158-751x1024.jpg 751w, http://neurologie-emmendingen.de/wp-content/uploads/2017/03/cropped-5.07-158.jpg 954w" sizes="(max-width: 100px) 100vw, 100px" />  Julienne Blass, Auszubildende</p>

<p>Tanja Reichenbach, MFA (Rezeption, Sekretariat)   Simone Mindorf, MFA (Rezeption)   Ilse Stein, Sekretärin (Vertretung: Rezeption und Sekretariat) Larissa Diegel, ergänzende Diagnostik Shirley Körner, Assistenz   Marie-Lena Heß, Auszubildende   Julienne Blass, Auszubildende</p>
