{"id":131,"date":"2017-03-23T16:36:23","date_gmt":"2017-03-23T16:36:23","guid":{"rendered":"http:\/\/neurologie-emmendingen.de\/?page_id=131"},"modified":"2022-04-11T11:03:15","modified_gmt":"2022-04-11T11:03:15","slug":"1-2","status":"publish","type":"page","link":"http:\/\/neurologie-emmendingen.de\/","title":{"rendered":""},"content":{"rendered":"<h3>HERZLICH WILLKOMMEN!<\/h3>\n<p>Sehr geehrte Patient*innen,<\/p>\n<p>\u00a0<\/p>\n<p>auf unserer Website finden Sie Informationen zum <a href=\"http:\/\/neurologie-emmendingen.de\/?page_id=149\">\u00c4rzte- und Assistenz-Team<\/a>, allen\u00a0 Mitarbeiterinnen und Mitarbeitern unserer Praxis, den \u00d6ffnungszeiten, <a href=\"https:\/\/www.google.de\/maps\/place\/Cornelia-Passage+8,+79312+Emmendingen\/@48.1202169,7.8459302,17z\/data=!3m1!4b1!4m5!3m4!1s0x47911890b2d44777:0xc4fe5cfe74b99975!8m2!3d48.1202133!4d7.8481189\">Anfahrtsplan<\/a>, dem <a href=\"http:\/\/neurologie-emmendingen.de\/?page_id=73\">Behandlungsspektrum<\/a>, den <a href=\"http:\/\/neurologie-emmendingen.de\/?page_id=165\">technischen Untersuchungen<\/a>.\u00a0Es gibt\u00a0Links zur <a href=\"mailto:anmeldung@neurologie-em.de\">Rezeptbestellung<\/a> und zur <a href=\"mailto:anmeldung@neurologie-em.de\">Terminvereinbarung<\/a>. Bitte nutzen Sie den Link Terminvereinbarung ausschlie\u00dflich um bereits vereinbarte Termine zu stornieren, bitte rufen Sie uns an, oder kommen pers\u00f6nlich vorbei um einen Termin zu vereinbaren.<\/p>\n<p>In unserer Gemeinschaftspraxis werden Patientinnen und Patienten aller gesetzlichen und privaten Krankenkassen behandelt.<br \/><br \/>Neben den regul\u00e4ren Sprechstunden f\u00fcr gesetzlich Versicherte haben wir f\u00fcr Privatpatienten t\u00e4glich eigene Sprechzeiten etabliert. Hierbei werden unsere \u00e4rztlichen Leistungen gem\u00e4\u00df der aktuellen Fassung der Geb\u00fchrenordnung f\u00fcr \u00c4rzte (GO\u00c4) abgerechnet.<br \/><br \/>Diese Sprechstunden stehen selbstverst\u00e4ndlich auch unseren gesetzlich versicherten Patienten auf Wunsch als Selbstzahler (Abrechnung gem\u00e4\u00df GO\u00c4) f\u00fcr zus\u00e4tzliche Beratung und Diagnostik zur Verf\u00fcgung.<\/p>\n<p>Wenn Sie einen Termin vereinbart haben, <strong>bringen Sie bitte Chipkarte, \u00dcberweisung, alle Vorbefunde, MRT- und CT-Bilder,\u00a0einen aktuellen Medikamentenplan und ggf. auch Laborbefunde mit<\/strong>. Bei Erkrankungen mit Kommunikationsst\u00f6rungen ist es hilfreich, wenn Angeh\u00f6rige mitkommen, z. B. bei Erkrankungen wie Epilepsie oder Schlaganfall.<\/p>\n<p>Bei Terminverhinderung bitten wir um <strong>rechtzeitige Abmeldung<\/strong>. Sie erhalten den bestm\u00f6glichen Ausweichtermin. Bitte sagen Sie Termine, die Sie nicht wahrnehmen k\u00f6nnen, auch im Interesse anderer Patienten rechtzeitig ab.<\/p>\n<p>Unsere Praxis ist barrierefrei und vom Stadtseniorenrat Emmendingen als seniorenfreundlich zertifiziert.<\/p>\n\n\n<p><\/p>\n","protected":false},"excerpt":{"rendered":"<p>HERZLICH WILLKOMMEN! Sehr geehrte Patient*innen, \u00a0 auf unserer Website finden Sie Informationen zum \u00c4rzte- und Assistenz-Team, allen\u00a0 Mitarbeiterinnen und Mitarbeitern unserer Praxis, den \u00d6ffnungszeiten, Anfahrtsplan, dem Behandlungsspektrum, den technischen Untersuchungen.\u00a0Es gibt\u00a0Links zur Rezeptbestellung und zur Terminvereinbarung. Bitte nutzen Sie den Link Terminvereinbarung ausschlie\u00dflich um bereits vereinbarte Termine zu stornieren, bitte rufen Sie uns an, oder [&hellip;]<\/p>\n","protected":false},"author":1,"featured_media":0,"parent":0,"menu_order":0,"comment_status":"closed","ping_status":"closed","template":"","meta":[],"_links":{"self":[{"href":"http:\/\/neurologie-emmendingen.de\/index.php?rest_route=\/wp\/v2\/pages\/131"}],"collection":[{"href":"http:\/\/neurologie-emmendingen.de\/index.php?rest_route=\/wp\/v2\/pages"}],"about":[{"href":"http:\/\/neurologie-emmendingen.de\/index.php?rest_route=\/wp\/v2\/types\/page"}],"author":[{"embeddable":true,"href":"http:\/\/neurologie-emmendingen.de\/index.php?rest_route=\/wp\/v2\/users\/1"}],"replies":[{"embeddable":true,"href":"http:\/\/neurologie-emmendingen.de\/index.php?rest_route=%2Fwp%2Fv2%2Fcomments&post=131"}],"version-history":[{"count":31,"href":"http:\/\/neurologie-emmendingen.de\/index.php?rest_route=\/wp\/v2\/pages\/131\/revisions"}],"predecessor-version":[{"id":567,"href":"http:\/\/neurologie-emmendingen.de\/index.php?rest_route=\/wp\/v2\/pages\/131\/revisions\/567"}],"wp:attachment":[{"href":"http:\/\/neurologie-emmendingen.de\/index.php?rest_route=%2Fwp%2Fv2%2Fmedia&parent=131"}],"curies":[{"name":"wp","href":"https:\/\/api.w.org\/{rel}","templated":true}]}}